4 = -d*i. List the prime factors of i.
2, 3
Suppose 0 = -5*n + 5*h + 62025, -47*n = -42*n + 5*h - 62095. List the prime factors of n.
2, 29, 107
Let f(d) = -5453*d - 76. What are the prime factors of f(-3)?
19, 857
Let b(o) = 364*o - 1500. List the prime factors of b(42).
2, 3, 383
Suppose 6*w - 7*w + 5*q = -1, -3*q = 2*w - 2. Let h(u) be the third derivative of 125*u**4/24 - u**3/6 - 2*u**2. What are the prime factors of h(w)?
2, 31
Let q be (12 - -3)/(-3 + 2944/980). Suppose -5*w = -5*y + q, 4*w - 1470 = -0*y - 2*y. List the prime factors of y.
3, 5, 7
Suppose 109*a - 112*a + 37527 = 2*b, -3*b + 50034 = 4*a. List the prime factors of a.
3, 43, 97
Let s = -9271 - -45473. List the prime factors of s.
2, 23, 787
Suppose 0 = -z - 4*y + 6, -3*z + 2*y - 9 = 15. List the prime factors of 406*(-4)/(z + -2).
7, 29
Let u be (10/(-15))/((-2)/24). Let p(k) = k - u + 0*k + k**3 + 10 + 10*k**2. What are the prime factors of p(-9)?
2, 37
Suppose -5*w = -3*f + 44853, 3*f - 18*w - 44673 = -33*w. List the prime factors of f.
2, 1867
Suppose -118978 = -2*y - 87*n + 89*n, 3*y - 178419 = -3*n. List the prime factors of y.
3, 2203
Let n(y) = -677*y + 2445. What are the prime factors of n(-16)?
11, 17, 71
Let s(o) be the first derivative of -o**4/4 + 38*o**3/3 + 15*o**2/2 - 85*o - 42. What are the prime factors of s(38)?
5, 97
What are the prime factors of 10*(49834 - -7)/11?
2, 5, 23, 197
Let a be -4 - (-1 - -1) - (125 - 127). Let o(r) = -13*r + 15. What are the prime factors of o(a)?
41
Suppose -2*r = -2*m + 2, 6*m - 2*m - 5*r = 0. Let w = -14 + m. Let a(n) = 2*n**2 - 3*n - 6. List the prime factors of a(w).
3, 61
Let z(s) be the first derivative of 4*s - 62 + 85 + 2*s**2 + 8*s. What are the prime factors of z(3)?
2, 3
Let w be ((-3)/(-3))/(1 + (-16)/14). Let b be -1*(w + 2) + -3. Suppose 638 = 4*v + b*q, 4*q - 316 = -2*v - 0*q. What are the prime factors of v?
2, 5
Let p = 468 - 395. Suppose p*r - 2224 = 69*r. List the prime factors of r.
2, 139
List the prime factors of 156777*((-43)/1290)/(2/(-20)).
52259
List the prime factors of -5730*74/(-44) - (-184)/1012.
23, 419
Suppose 29 = 5*j - 1. Suppose 9*s - 7*s - j = 0. Suppose 0 = 3*i - 0*i - 4*w - 310, -i + 99 = s*w. List the prime factors of i.
2, 3, 17
Suppose 2*y + 1 = -1, -4*y + 136 = 4*w. Suppose 260 + w = d. What are the prime factors of d?
5, 59
List the prime factors of ((-16)/17)/16 - (-750110)/34.
2, 3, 3677
Suppose 4*v + 10 - 150 = 0. Let g = 700 + v. List the prime factors of g.
3, 5, 7
Let h = -68 + 114. Suppose 0 = 3*l + f - h - 46, 5*f = 10. Suppose -l = y - 120. What are the prime factors of y?
2, 3, 5
List the prime factors of (-69356)/(84/(-12)) - 11.
3, 3299
Suppose -2*g = 41*g - 76024. What are the prime factors of g?
2, 13, 17
What are the prime factors of 1 + 16177 + (62 - -22)/(-21)?
2, 8087
Suppose -4 = 19*o - 42. Suppose -3*v = 2*x - 6*x - 508, 4*v - o*x = 684. What are the prime factors of v?
2, 43
Let j be 16 - 14 - -16*1. Suppose 4*f + 6 = j. Suppose 2*k = f*s - k - 21, 0 = -5*s - 5*k + 45. List the prime factors of s.
2
Let a be 2 + 2/(-4)*0. Suppose 9*b + 22 = 13*b - 2*f, b - 3 = -a*f. Suppose 0 = -b*n + 215 + 330. List the prime factors of n.
109
Let r = 89 + -74. Let a(d) = -d**3 + 13*d**2 + 42*d + 33. What are the prime factors of a(r)?
3, 71
Let u(i) = 1. Let q(h) = -12*h + 15. Let v(g) = q(g) + 5*u(g). Suppose 4*n = 4, 4*n = -4*p + 2*n - 30. What are the prime factors of v(p)?
2, 29
Let l(w) = 3*w**2 + 35*w - 36. Let r be l(-16). Suppose -10*s - r = -11*s. List the prime factors of s.
2, 43
Let y be 3/(6/(-422))*-1. Suppose y + 157 = 2*z. Suppose -3*s + 2*p = 6*p - z, 3*s = -3*p + 183. What are the prime factors of s?
2, 3, 5
Suppose -102 + 182 = 5*z. Suppose 0 = -z*d - 2162 + 15714. What are the prime factors of d?
7, 11
Suppose 311*k - 571415 = -448841 + 11736789. What are the prime factors of k?
3, 19, 223
Let r(k) = k**3 + 2*k**2 + k - 7. Let l be r(-4). Let o = l + 226. List the prime factors of o.
3, 61
Suppose 3*q = 4*z - z - 18081, -3*q + 6019 = z. What are the prime factors of z?
5, 241
Let u(h) = 2*h**2 - 3. Let f be u(3). List the prime factors of 405/(-12)*(-80)/f.
2, 3, 5
Let t(d) = 5*d - 33. Let w be t(7). Suppose 8 - 4 = 2*n + p, w*p - 8 = 0. Suppose -6*v + 551 + 295 = n. List the prime factors of v.
3, 47
Let d be (-3)/(6/5) + 10/20. Let l be ((-3648)/14)/d - 36/126. Let k = -37 + l. List the prime factors of k.
3, 31
Suppose 2*d + 105 = -3*d. Suppose -t = -3*t + 2*o, 0 = 2*o - 0*o - 4. List the prime factors of -393*(t - d/(-9)) + 0.
131
Let w(n) = 50*n + 2. Let t = -30 - -37. Let r be w(t). Suppose -4*h + 3*u = -2*u - r, -5*h - 4*u + 440 = 0. What are the prime factors of h?
2, 11
Suppose 3*n - 1142 + 1214 = 0. List the prime factors of 472/(-6)*n/16.
2, 59
Suppose 2*c + 0*m + 5*m + 2701 = 0, 4*m - 2656 = 2*c. Let p = c - -2269. List the prime factors of p.
7, 19
Let t(c) = 3*c - 25. Let v be t(11). Suppose -v = 5*h - 7*h. Suppose 33 = -h*o + 113. What are the prime factors of o?
2, 5
Let b = 27 + -22. Suppose -443 = -d + 5*k, 0*k = d + b*k - 453. Suppose -h - 4*n = -117, 6*h - 2*h - d = 4*n. List the prime factors of h.
113
Suppose x = -x - 3*d + 6, 0 = x - d + 7. Let r be (-12)/x + 0 + 6. Suppose r*s - 1638 = -508. What are the prime factors of s?
113
Let c(z) = 401*z**2 + 34*z + 113. What are the prime factors of c(-3)?
2, 5, 181
Suppose -9*w - 16400 + 84387 = -11573. List the prime factors of w.
2, 5, 13, 17
Let z(u) = u**3 + 5*u**2 - 5*u - 31. Let o be z(-5). List the prime factors of (-558)/o + -1 + 0.
2, 23
Let m(q) = -77*q - 74. Let f = 71 + -83. What are the prime factors of m(f)?
2, 5, 17
Let m(p) = -117 + 57 - p + 7*p + 63. Let h be m(1). Suppose -5*i + h*i = 1048. List the prime factors of i.
2, 131
Let b = 6877 - 2043. List the prime factors of b.
2, 2417
Suppose 4*d + y = 359, 0*d = -3*d + 3*y + 258. Let m = -1790 - -1784. List the prime factors of m + 6 + (d - (-1 + 2)).
2, 11
Suppose -3336 = 8*l - 62104. What are the prime factors of l?
2, 3673
Suppose 4*x + 83 = 2887. Let g = x + -56. What are the prime factors of g?
3, 5, 43
Suppose -20*c = -40*c - 320. Let j(n) = n**3 + 23*n**2 + 6*n + 2. What are the prime factors of j(c)?
2, 3, 283
Let v = -8153 + 8444. List the prime factors of v.
3, 97
Suppose -288*r - 23536 = -292*r. What are the prime factors of r?
2, 1471
Let m(r) = -235*r + 151. Let d be m(-7). Suppose -f + 1800 = u, -u - 4*f = -16 - d. List the prime factors of u.
2, 449
Let u be (-1 - (-86268)/(-15))*20/(-4). List the prime factors of -3 + u/45 - 8/60.
2, 3, 53
Suppose -5*p + 101 = -69. Suppose 1778 = p*k - 27*k. List the prime factors of k.
2, 127
Let a be (9 + -5)*(1 - -1). Suppose 22*x - a*x - 16870 = 0. What are the prime factors of x?
5, 241
Let y(t) be the first derivative of 9*t**4/4 - t**3/3 + 8*t**2 + 27*t + 116. List the prime factors of y(5).
17, 71
Let r = -36 - -16. Let l(b) = b**3 - 20*b**2 - 28 - 2*b**3 - 120*b + 118*b. What are the prime factors of l(r)?
2, 3
Suppose -3*h + 16392 = 4*m, 17*h + 16416 = 20*h - 4*m. What are the prime factors of h?
2, 1367
Let h(v) = -v**2 + 8*v + 13. Let d(p) = p**2 - 13*p - 10. Let u be d(14). Suppose -i + 2*t - 1 = 0, 2*i + u*t - 7 - 23 = 0. What are the prime factors of h(i)?
2, 5
Let f(g) = g**3 - 6*g**2 + 4*g + 11. Let b be f(3). Let l(s) = 79*s**2 - 6*s + 12. What are the prime factors of l(b)?
2, 5, 13
Suppose -17*p + 13*p = -44. Let w = p - 14. What are the prime factors of -1 - (-4 - w)*43?
2, 3, 7
Let d = 4497 - -20727. What are the prime factors of d?
2, 3, 1051
Let z(y) = 5*y**2 + 15*y + 11. Let t be z(-9). Suppose 1739 = 5*i - t. What are the prime factors of i?
2, 101
Suppose 3*p = -2*t + 99, 3*t - 66 = -2*p + 2*t. Let o(f) = -2*f - 51. Let q be o(-11). Let m = p + q. What are the prime factors of m?
2
Let q = -11919 + 20692. What are the prime factors of q?
31, 283
Let q(l) = -l**3 + 19*l**2 - l + 42. Let k be q(17). Let u = k + -372. List the prime factors of u.
3, 7, 11
Let f(j) = j**3 - 4*j**2 + 4*j - 1. Let r be f(3). Suppose -a - 4*m = -3*a - r, -2*m = a + 9. Let s(t) = 6*t**2 + t - 8. What are the prime factors of s(a)?
137
Suppose -3 = 2*f - 9. Let m(c) = c**3 - 10*c**2 - 10*c - 7. Let x be m(11). Suppose f*u - 672 = -x*u. What are the prime factors of u?
2